at is the greatest common divisor of 18954 and 390546?
234
What is the greatest common factor of 42369648 and 1104?
48
What is the highest common factor of 72 and 4692252?
12
Calculate the greatest common divisor of 35 and 79817605.
35
What is the greatest common factor of 15873359 and 61?
61
Calculate the highest common divisor of 102457928 and 842.
842
What is the highest common divisor of 562329 and 634341?
1059
Calculate the highest common factor of 5102228 and 1426.
1426
What is the highest common factor of 16524 and 157171698?
918
What is the greatest common factor of 21756 and 17083899?
5439
Calculate the greatest common factor of 44247 and 22386.
21
Calculate the highest common factor of 1293522 and 4392.
6
Calculate the highest common divisor of 103198380 and 558.
186
What is the highest common divisor of 130260 and 27?
3
Calculate the greatest common factor of 320433 and 13287.
309
Calculate the highest common factor of 95666 and 49786.
62
Calculate the greatest common divisor of 1577038 and 125020.
1786
What is the highest common factor of 106761912 and 37779?
771
What is the greatest common divisor of 14096694 and 129022?
4162
What is the highest common factor of 1295529 and 3151983?
831
What is the highest common factor of 6809 and 290980139?
619
Calculate the highest common factor of 19908 and 12532639.
553
What is the highest common factor of 3607216 and 44746?
3442
What is the highest common divisor of 10270 and 35620?
130
What is the greatest common divisor of 6015655 and 67560?
2815
What is the highest common divisor of 142 and 1331147831?
71
What is the highest common factor of 25 and 130591050?
25
Calculate the highest common factor of 345136584 and 78.
78
Calculate the highest common factor of 9840 and 8904960.
240
What is the greatest common factor of 7872060 and 24?
12
What is the highest common factor of 400 and 73437200?
400
Calculate the highest common divisor of 9135343 and 2632.
329
Calculate the greatest common divisor of 560 and 25904956.
28
Calculate the highest common divisor of 2418049 and 29.
29
Calculate the highest common divisor of 896501 and 26531.
617
Calculate the highest common divisor of 108921 and 449.
1
What is the highest common divisor of 57 and 1605392517?
57
What is the highest common divisor of 4141515 and 336?
21
Calculate the highest common factor of 1195 and 95986941.
239
What is the greatest common divisor of 24033 and 14325?
3
Calculate the greatest common factor of 337237 and 21957.
563
Calculate the highest common factor of 49525777 and 2348.
587
Calculate the highest common factor of 28985 and 493799.
527
Calculate the highest common divisor of 20387002 and 438.
146
What is the greatest common factor of 512906485 and 35?
35
Calculate the highest common factor of 158 and 49013891.
79
What is the greatest common divisor of 839568 and 184?
8
Calculate the greatest common divisor of 1698 and 66341709.
849
What is the highest common divisor of 37655933 and 7?
7
Calculate the greatest common divisor of 672 and 628362.
42
Calculate the greatest common factor of 19 and 9787907.
19
What is the greatest common factor of 103632386 and 1936?
242
Calculate the highest common divisor of 1828 and 9665093.
457
What is the greatest common factor of 761100 and 1680?
60
Calculate the highest common divisor of 399214494 and 2729.
2729
What is the greatest common divisor of 10075 and 12979235?
155
Calculate the highest common divisor of 401184 and 1909152.
2016
What is the greatest common divisor of 1469376 and 1548?
36
Calculate the highest common factor of 52514304 and 3648.
192
Calculate the greatest common divisor of 256 and 10771840.
128
Calculate the highest common factor of 27 and 14008473.
9
Calculate the greatest common divisor of 315802896 and 15.
3
What is the highest common divisor of 13622 and 146716724?
1946
Calculate the highest common factor of 50124 and 8336.
4
What is the greatest common factor of 4633 and 136316759?
4633
What is the greatest common factor of 3003 and 17457713?
91
What is the highest common factor of 176085756 and 13710?
2742
Calculate the greatest common divisor of 118987 and 6931.
29
Calculate the highest common factor of 2012448 and 288.
96
Calculate the greatest common divisor of 6064 and 15568.
16
What is the highest common divisor of 744248 and 1256?
8
What is the highest common divisor of 89510304 and 32?
32
Calculate the greatest common divisor of 783 and 19576363.
29
What is the greatest common factor of 1287719 and 149?
1
Calculate the highest common factor of 174834 and 11814.
66
Calculate the highest common divisor of 949709 and 4592855.
15569
Calculate the greatest common divisor of 104524 and 868.
28
What is the greatest common factor of 45545227 and 7735?
1547
What is the highest common factor of 10772901 and 303738?
4899
Calculate the greatest common divisor of 7161336 and 214578.
1638
What is the greatest common divisor of 1182600 and 1626440?
2920
Calculate the highest common factor of 148066056 and 1020.
204
Calculate the greatest common divisor of 7750 and 202220.
10
Calculate the greatest common divisor of 150714 and 88561221.
8373
What is the highest common divisor of 49120 and 509620?
6140
Calculate the highest common factor of 39379133 and 43635.
2909
Calculate the highest common factor of 42105 and 6097770.
105
What is the highest common divisor of 6162 and 4846966?
158
What is the highest common factor of 236806944 and 26532?
8844
What is the greatest common factor of 135120699 and 46?
23
Calculate the highest common factor of 187925 and 3925.
25
Calculate the greatest common divisor of 30469254 and 67136.
2098
Calculate the greatest common factor of 73684 and 273780.
676
Calculate the greatest common factor of 210765274 and 86.
86
What is the greatest common factor of 2864438 and 366?
122
Calculate the highest common divisor of 100181064 and 2021.
47
Calculate the greatest common factor of 38220 and 272740.
260
What is the highest common divisor of 50 and 47328700?
50
What is the highest common factor of 21935282 and 8672?
542
What is the highest common divisor of 91 and 60349198?
91
What is the greatest common divisor of 175 and 266096300?
25
Calculate the greatest common divisor of 184467 and 4716568.
3617
What is the highest common divisor of 22042504 and 7408?
3704
Calculate the highest common factor of 6605 and 1291290710.
6605
What is the greatest common divisor of 88 and 8206?
22
What is the highest common divisor of 30 and 3281090?
10
Calculate the highest common divisor of 8405 and 131085.
5
Calculate the greatest common divisor of 222126 and 262.
2
Calculate the highest common factor of 8577 and 364999.
953
What is the greatest common factor of 53635771 and 20531?
2933
Calculate the highest common factor of 14320 and 2740720.
80
What is the highest common divisor of 31600651 and 4145?
829
What is the greatest common factor of 2038856 and 2000?
8
What is the greatest common divisor of 48 and 5037540?
12
What is the greatest common divisor of 1184114 and 8?
2
What is the highest common divisor of 528 and 393466194?
66
What is the highest common divisor of 4059 and 3911072?
451
What is the highest common divisor of 11032 and 44773372?
5516
What is the greatest common factor of 686630328 and 6520?
1304
Calculate the greatest common divisor of 13780676 and 1456.
364
What is the greatest common divisor of 98112801 and 2238?
1119
Calculate the greatest common divisor of 840 and 11084120.
40
What is the highest common factor of 365 and 13867591?
73
What is the highest common divisor of 165879 and 17997?
21
Calculate the greatest common factor of 1739260 and 482448.
1748
What is the greatest common divisor of 81736 and 4792?
8
Calculate the highest common factor of 11161376 and 16112.
848
What is the highest common factor of 13100 and 193139850?
6550
What is the greatest common factor of 301337 and 70330?
541
What is the highest common factor of 10321386 and 114?
6
Calculate the greatest common factor of 4264 and 560703208.
4264
What is the highest common factor of 293370 and 27951?
231
What is the greatest common divisor of 13267496 and 55?
11
What is the greatest common factor of 78 and 3635125?
13
What is the greatest common factor of 272